1042. Let f(s) = 227*s - 114*s - t*s - 3. Give f(r).
5
Let p(j) = -176*j + 7747. Let w be p(44). Let f(b) = -29*b - 2. Give f(w).
-89
Let p(v) = -3*v. Let y be (-12)/(-16)*114 - (-2)/4. Suppose 42 = -g - 42. Let l = y + g. What is p(l)?
-6
Let n(c) = 4321 - c + 3*c + 5*c - 4280. What is n(-8)?
-15
Let c(m) be the third derivative of m**5/60 - 7*m**4/24 + 7*m**3/6 - 3*m**2 + 150*m. Calculate c(5).
-3
Let c(d) = d + 1. Let s(p) = 2*p + 2. Let u(r) = 5*c(r) - 4*s(r). Give u(3).
-12
Let r be (((-693)/(-27))/7 + -4)*0. Suppose -n = -3 - 0. Suppose r = 3*b - 2*i + 12, -n*b - 10 = i + 2. Let g(k) = k**3 + 3*k**2 - 3*k - 4. Calculate g(b).
-8
Let t(l) = 6*l + 20. Let z be 9 - (0 + 0)*18/(-36). Calculate t(z).
74
Let d(z) = -6*z + 1. Let p(t) = 21*t - t**2 - 4*t**2 + 4*t**2 + 0*t**2 - 24. Let n be p(15). Let b be (-88)/n - (1/(-3) + 0). Give d(b).
7
Suppose -3*s - 2*o + 29 = 0, -s + 367 = -3*o + 383. Let d(p) = p**2 - 20*p + 65. What is d(s)?
-10
Let d(u) = -11*u. Let x = 83 - 108. Let h(i) = i**3 + 23*i**2 - 48*i + 51. Let w be h(x). Calculate d(w).
-11
Let c(y) be the second derivative of -y**5/20 + 7*y**4/4 - 13*y**3/2 + 8*y**2 + 7*y + 94. Calculate c(19).
-3
Let i(v) be the third derivative of v**4/3 + 2*v**3/3 + 2*v**2. Let y be (3*-1)/((-6)/(-10)). Let c(o) = 7*o + 3. Let r(s) = y*c(s) + 4*i(s). Calculate r(-5).
16
Suppose 160 = -7*d + 2*d. Let l = -42 - d. Let w be (-14)/(l/25*-5). Let p(f) = f**2 + 5*f - 3. What is p(w)?
11
Let k(w) = w**2 + w - 37. Suppose -5*q = 3*g - 2*q - 15, 3*g - 2*q + 10 = 0. Suppose g = 19*y - 3*y. Calculate k(y).
-37
Let d(l) = -l**2 - 6*l + 4. Let a(q) = -q**2 + 10*q - 18. Let x be a(7). Suppose 0 = -5*j - 4*c + 57, -j + c + x*c - 3 = 0. Suppose -3*m - 9 - j = 0. Give d(m).
4
Let j(p) = 7*p**3 - 13*p**2 - 6*p + 61. Let i(y) = 16*y**3 - 27*y**2 - 12*y + 124. Let t(m) = -3*i(m) + 7*j(m). Determine t(10).
-5
Suppose 5*j = -4*f + 7, -5*f + 22 - 2 = -5*j. Let v(g) = -4*g - 98. Let d be v(-25). Let p(t) = d*t - 439 - 3*t**2 + 440 + t**2. Give p(j).
-3
Let b = -63 + 77. Let i = b + -17. Let k(n) = n**2 - n - 7. Let f(x) = -x**2 + 2*x + 8. Let g(j) = i*f(j) - 4*k(j). Determine g(-4).
-4
Let h be (1 - 1)/(-3 + 9). Let f(b) = -10*b**2 - 5*b + 3 + 27*b**2 + b**3 + h - 23*b**2. Suppose 5*t = 4*u - 24, 4*u - 3*t + 24 = 8*u. Determine f(u).
-27
Let f(c) = -c**2 + 7*c + 33. Let l(k) = k**3 + 9*k**2 - 113*k - 6. Let o be l(-16). Calculate f(o).
3
Let p(h) be the third derivative of -h**4/6 - 10*h**3/3 - 2*h**2 + 25*h - 7. Give p(-17).
48
Let z(r) = 2*r**2 - 14*r + 7. Let y(k) = -3*k**2 + 27*k - 14. Let q(g) = 3*y(g) + 5*z(g). Let w be -9 + ((-12)/18 - -1)*0. Determine q(w).
-25
Let u(k) = -4*k + 10*k - 3 - 11*k. Let x be u(-2). Let p(n) = n**2 - 8*n + 7. Let d be p(x). Let y(w) = w**3 - w**2 - w - 15. Determine y(d).
-15
Let t = -10428 - -10442. Let u(q) = -q**2 + 15*q - 13. Determine u(t).
1
Let s(p) = -p**3 - 7*p**2 + 6*p - 7. Let w = -118 - -186. Suppose -i + w = 1. Suppose -9*a = i + 5. What is s(a)?
9
Let g = 806 + -501. Let f = 1221 - g. Let l(k) = -922*k**2 + f*k**2 + 5 + 2 + 2*k + k**3. Calculate l(5).
-8
Let o(f) = 7*f + 3. Let u be o(0). Let d(v) = v**3 + 7*v**2 - 9*v - 3. Let k be d(-8). Let q(g) = -k*g**2 - g**u - 2*g**2 - 9 - g**2 - g + 9*g. Calculate q(-9).
0
Suppose 5*a - 5*y - 67 = -107, y + 20 = -3*a. Let b(p) = -p**3 + 9*p**2 + 114*p + 7. Determine b(a).
-7
Let u be -15 - (6 - (15 + 7)). Let q(g) = -5*g**2 - 187*g + 187. Calculate q(u).
-5
Let j = -66 - -66. Let r(c) = 4*c + 5 - 2*c - c**2 + 2*c - 3*c. Give r(j).
5
Let u(d) = 13*d**2 - 2*d + 13. Let p(s) be the third derivative of 11*s**5/60 - s**4/24 + 2*s**3 + 56*s**2 - 1. Let g(v) = -7*p(v) + 6*u(v). Give g(7).
8
Let r(x) be the third derivative of -x**6/120 + x**5/60 - x**4/8 + x**3/6 + 7*x**2 + 424. Let w = 2 - 0. Determine r(w).
-9
Let i(l) = -54*l + 966. Let k(b) = 17*b - 305. Let d(q) = -6*i(q) - 19*k(q). Let r(c) = -c - 6. Let h be r(-3). Determine d(h).
-4
Let l be 17/136 + 31/8. Suppose -222 - 27 = -l*x - m, 3*x + 4*m - 203 = 0. Let h = x + -69. Let d(b) = b**2 + 8*b - 4. Give d(h).
-4
Let x(p) = -2*p**2 + 5*p + 6. Suppose 0 = -4*r - m + 13, 4*r - 102*m + 97*m - 7 = 0. What is x(r)?
3
Let z(p) = p**2 + 7*p + 7. Let w be (-1 + (-42)/3)*2/6. What is z(w)?
-3
Let n(k) = -k**3 + 14*k**2 + 19*k - 6. Let s(r) = r**3 + 2*r - 1. Let w(l) = -n(l) - 2*s(l). Calculate w(-12).
-4
Suppose 17*r - 2991 = -645. Let p be 2/(-6) + (-920)/r. Let y(a) = 3*a + 12. Determine y(p).
-9
Let u(j) = j**2 + 1. Let a(r) = 8*r**2 - r + 20. Let q(w) = a(w) - 6*u(w). Give q(6).
80
Let y be (10/(-8))/(3/12). Let d(j) = 10*j - 3. Let g(f) be the second derivative of -f**3/6 + 45*f. Let t(h) = y*g(h) - d(h). Calculate t(6).
-27
Suppose 5*n = -15 + 50. Let h(z) = -z**2 + 4*z + 2. Let w(m) = -m**3 + 9*m**2 - 11*m + 3. Let r(x) = h(x) + w(x). What is r(n)?
5
Let k(j) = j**3 + j**2 - 1. Let q be (3 - -172)*(0 + 1). Suppose q = -8*g + 13*g. Let b = -36 + g. What is k(b)?
-1
Suppose 30 = -5*i + 11*i. Suppose -i*t + g - 7 = 5, -3*t - g - 12 = 0. Let d(p) = -2*p**2 - 4*p - 1. Determine d(t).
-7
Let o(v) = -13*v + 191443 - 191443. Determine o(3).
-39
Let i = 5366 - 5396. Let d(k) = 6*k + 180. What is d(i)?
0
Let z(u) = -32*u - 379. Let g be z(-12). Let t(b) = -b**2 - 124 - 133 + g*b + 4*b + 261. Give t(5).
24
Let b(p) be the first derivative of p**4/4 - 5*p**3/3 + 3*p**2/2 - 10*p + 1986. Give b(5).
5
Let k(c) = 2*c**2 + 3. Let j(o) = 50*o**2 - o - 11. Let i(v) = j(v) + 4*k(v). Give i(1).
58
Let d(o) = o**3 + 18*o**2 - 39*o + 25. Let u = 130 - 150. Let j be d(u). Let p(g) = -1 + g + 10 + g**2 + 3 - j. Give p(0).
7
Let n(i) = 11*i - 13. Let o be n(4). Suppose -2*w + 5*x - 14 = 0, 3*w - 4 = 26*x - o*x. Let k(f) = -f**2 + f. Determine k(w).
-6
Let x(w) = w**3 + w + 7. Let o be x(0). Let f(m) be the first derivative of 3*m**2/2 - 5*m + 11953. Give f(o).
16
Let s be (-13)/(-2)*(0 - (1 - -1)). Let l(j) = -j**2 - 17*j - 17. Let g be l(s). Suppose 22*v - 17*v - g = 0. Let z(p) = p**2 - 5*p - 5. Give z(v).
9
Let t(m) = -2*m**2 - 29*m - 83. Suppose 93*k + 20 = -4*w + 90*k, 3*w - 2*k + 49 = 0. Calculate t(w).
-6
Let r = 118 + -179. Let h = r - -12. Let o = 55 + h. Let p(w) = -w**2 + 7*w - 9. Give p(o).
-3
Let w(h) = -h**3 + 16*h**2 - 16*h + 5. Suppose -97 + 67 = -11*a + 135. Give w(a).
-10
Let d(u) = 3*u**2 + 41*u + 60. Suppose 0 = -3*b + 468 - 480. Let k(m) = -m**2 - 14*m - 21. Let s(a) = b*d(a) - 11*k(a). What is s(-6)?
15
Let j(a) = -55*a + 25 + 151*a - 47*a - 51*a. Let y be j(12). Let x(v) = 11*v**3. Determine x(y).
11
Let l be 1 + (8/32)/(4/16). Let m(b) be the third derivative of 0*b + 9*b**l + 1/12*b**5 + 0 - 1/4*b**4 - 1/120*b**6 + 2/3*b**3. Give m(4).
-4
Suppose 4*x = -31*i + 29*i + 4, 0 = i - 2*x + 6. Let m(c) = 2*c - 12. Let k(r) = -r + 5. Let l(q) = i*m(q) - 5*k(q). Give l(1).
0
Let w(d) = -d**3 + 10*d**2 + 3*d + 2. Let z be 16/(3456/2136) + (34/(-18) - -2). Calculate w(z).
32
Suppose -27*g + 88 = -23*g. Suppose 3*k + g = 5*i, 0*i + 5*i - k = 24. Let d(q) = q + 7. Give d(i).
12
Suppose 0 = -23*k + 117 - 2. Suppose -11*q - k*q + 112 = 0. Let h(m) = m**2 - 7*m + 4. Calculate h(q).
4
Let u = 28153 - 28162. Let i(n) be the third derivative of n**5/60 + n**4/3 - 7*n**3/6 + n**2. Calculate i(u).
2
Let a(v) = -10*v + 209. Let q(j) = -15*j + 414. Let y(w) = 7*a(w) - 4*q(w). What is y(-19)?
-3
Let s(x) = x + 5. Let b(l) = 2*l + 90. Let h be b(6). Let i = h + -113. Calculate s(i).
-6
Let b(r) = -8*r**2 + r - 1. Let f = 87 - 83. Suppose -4*a = f*p - 41 + 17, -4*a = 5*p - 25. Give b(p).
-8
Let h(l) = l**2 + 2*l - 1. Let y(u) = u**3 - 9*u**2 + 34*u - 11. Let c(v) = 5*h(v) - y(v). What is c(12)?
6
Let x(b) = -3*b**2 + 4*b - 2. Suppose 2 = s - 0*s. Suppose -2*h + s = -h. Suppose 29*y = 30*y - h. What is x(y)?
-6
Let r be (-26)/(-4)*(-2)/(-1). Let j = r + -7. Let q(f) = -11*f + 155. Let s(z) = 24*z - 337. Let n(x) = -13*q(x) - 6*s(x). Calculate n(j).
1
Let p = -20 + 25. Let g(l) = l**3 - 18*l - 6. Let x be g(-4). Let i(q) = 5*q + 30*q**x - 13*q**2 + 5 - 18*q**2. Determine i(p).
5
Let f(m) be the first derivative of 0*m - 21 - 1/2*m**3 - 3*m**2 - 1/24*m**4. Let y(t) be the second derivative of f(t). Give y(-2).
-1
Let d(b) = -b**3 - 7*b**2 - b. Let w be d(-7). Let z(c) be the third derivative of c**5/60 - c**4